05. List the prime factors of r.
7, 19
Let f be (-6)/(-12) - 146004/8. Let d be f/6 - 8/24. List the prime factors of (0 + (-4)/6)/(13/d).
2, 3, 13
List the prime factors of ((-952)/3)/((-9)/189).
2, 7, 17
Let h be (-17346)/(-63)*18/(-4). Let i = h + 2351. What are the prime factors of i?
2, 139
Let h = -419 - -474. Suppose -h*l = -59*l + 408. What are the prime factors of l?
2, 3, 17
Suppose -2*i + 14 = -0*i - 2*b, 0 = -2*b - 4. Suppose -394 = -n - i*p, 10*p - 5*p = -3*n + 1222. What are the prime factors of n?
2, 3, 23
Suppose -42*f + 21325 = -44447. List the prime factors of f.
2, 3, 29
Suppose 35 = -5*f, a + 12*f - 16*f - 31727 = 0. List the prime factors of a.
31699
Let w be (29 - 80)/((-6)/140 - 0). Suppose -3*t = -w - 130. List the prime factors of t.
2, 5, 11
Let z(w) = w**3 - 2*w**2 - 16*w + 5. Let y = 59 + -54. Suppose 3*r - 2 + 13 = 2*b, 0 = -5*b + y*r + 30. List the prime factors of z(b).
2, 3, 23
Let g be (-1 + 3)/(96728/(-9672) - -10). Let t = -1186 - g. List the prime factors of t.
2, 7, 11
Let s = 4592 - 2775. What are the prime factors of s?
23, 79
Suppose -2*v + 37694 = -4*s, -12*s + 94235 = 5*v - 13*s. List the prime factors of v.
47, 401
What are the prime factors of 4/28 + 236486/14 + -8?
2, 3, 7, 67
Let m(d) = -4 - d**2 + 23*d + 66 - 10. Suppose -28*k - u + 22 = -27*k, 103 = 4*k - u. List the prime factors of m(k).
2
Let b(a) = 2*a**3 - 61*a**2 + 126*a - 20. List the prime factors of b(35).
5, 3083
Suppose -4*w - 5*o - 53589 - 25498 = 0, 19783 = -w - 5*o. List the prime factors of (-8)/(-10) + (w/5)/(-8).
3, 5, 11
Let y be (0 - -24) + 18 + -17. Suppose 4*t = -3*q + 578, y*q - 562 = -4*t + 30*q. What are the prime factors of t?
11, 13
Suppose s - 3*o - 13 = 0, 2*s + 4*o + 16 = 2. Let n be (s + -4)/((-1 - -5)/(-488)). Let x = -186 + n. What are the prime factors of x?
2, 3, 5
Let k = 6092 - -1953. List the prime factors of k.
5, 1609
Let u = 304 + 1324. Suppose 0 = 3*z - f - u, 2*z - f = 91 + 996. What are the prime factors of z?
541
Let y(b) be the second derivative of -b**5/20 - b**4/2 - 5*b**3/6 - b**2/2 + 11*b. Let m be y(-5). List the prime factors of m + (49 - 6/(-2)).
3, 17
Suppose 5*p - 6 = -21, 4*i - p + 41 = 0. Let l = 9 + i. What are the prime factors of 428/28 - l/(-7)?
3, 5
Let n(i) = 3*i + 25. Let o(z) = -26. Let f(q) = q + 52. Let x(a) = 3*f(a) + 5*o(a). Let s(l) = -3*n(l) + 4*x(l). List the prime factors of s(22).
5, 19
Let n(b) be the first derivative of -b**4/4 + 7*b**3/3 - 3*b**2 + 11*b + 16. Let h be n(6). List the prime factors of (-1)/(-2)*-2 + -2 + h.
2
Let t = -1 - 0. What are the prime factors of t/18*-3586 - 12/54?
199
Let x(p) = -5*p**3 + 41*p - 21*p**3 + 28*p**2 + 25*p**3 - 37. List the prime factors of x(29).
311
Suppose -17*l + 57340 - 25097 = -102091. List the prime factors of l.
2, 3, 439
List the prime factors of 101517/54*2 - (4 + (-74)/18).
2, 5, 47
List the prime factors of (2622/(-76))/((-1013)/3012 + 1/3).
2, 23, 251
Suppose -37*a + 909521 + 98326 = -1105482. What are the prime factors of a?
3, 79, 241
Let f(h) = 22*h**2 + 30*h + 0*h**3 - 11 + 20*h + h**3 - 45*h**2. What are the prime factors of f(22)?
5, 11
Let o = 43 - 43. Suppose o = -3*j - 1019 + 2567. List the prime factors of j/(-18)*(-6)/4.
43
Let z(u) = 2*u**3 - u**2 + u + 1796. Suppose 4*g - 4 = 0, 8*k = 7*k - 3*g + 3. What are the prime factors of z(k)?
2, 449
Suppose 66*y + 99*y - 1135767 = 5817828. List the prime factors of y.
17, 37, 67
Let u(p) = 143*p - 1146. List the prime factors of u(42).
2, 3, 5
List the prime factors of 6 - 2 - ((-188)/(-235) + (-4999)/5).
17, 59
Let n(f) = -f**2 + 23*f - 18. Let w be n(22). Suppose -2*l + 0*l = -w. Suppose l*r - 481 = -3*y, 3*r + r + 5*y = 959. What are the prime factors of r?
2, 59
Let p be (-147)/(-18) + -4 - (-7)/(-42). Suppose 0 = -3*h - f + 1025, h = -p*f + 7*f + 345. List the prime factors of h.
2, 3, 19
Suppose 212*z + 448736 = 249*z. What are the prime factors of z?
2, 379
Let x = -7436 - -10511. What are the prime factors of x?
3, 5, 41
Let s = 136 - 133. Suppose 0 = -10*g - s*g + 6*g. Suppose 4*p + 15 - 267 = g. What are the prime factors of p?
3, 7
Suppose -4*m + 2*m + 4*y = -12, -3*m + 3 = -y. Suppose 33*p - 38*p + 1930 = m. What are the prime factors of p?
2, 193
Suppose 5*d + 25 - 55 = 0. Let g = 119 - 119. Suppose g = d*v - 577 + 121. List the prime factors of v.
2, 19
Let k(i) = 1982*i**3 + 186*i**2 - 5*i + 3. List the prime factors of k(2).
3, 5531
Let t(r) = -r**2 + 6*r + 9. Let s be t(7). Suppose w = -v + 6*w - 3, -s*v - 6 = -w. What are the prime factors of -15*(0/(-4) + v)?
3, 5
Suppose 3*p = u + 59592, -5*p + 92493 = -u - 6825. What are the prime factors of p?
3, 2207
Let x = -297 + 295. What are the prime factors of (-1710)/(-8) - x/(-16)*-2?
2, 107
Let i = 203 - 207. List the prime factors of (-4 - i - 170)/(2/(-8)).
2, 5, 17
Let a(z) = 411*z**2 + z - 30. What are the prime factors of a(-7)?
2, 19, 23
Suppose -y + 124 = m - 4*m, 3*m = 2*y - 122. Let z = 47 + m. Suppose -z*h + 60 = -3*q + 152, 5*h - 44 = -q. What are the prime factors of q?
2, 17
List the prime factors of (-35514240)/(-2438) - (-3)/69.
7, 2081
Suppose 18 = -20*x + 26*x. Suppose 0 = -4*d - 21 - x. Let s(l) = l**2 - 6*l + 8. What are the prime factors of s(d)?
2, 5
Let n(r) = -2*r**2 + 648 + r**3 + 62 + 5*r + 5*r**2. What are the prime factors of n(0)?
2, 5, 71
What are the prime factors of -73*6*31*10/(-30)?
2, 31, 73
Suppose 0 = -h + 4416 + 2087 - 721. List the prime factors of h.
2, 7, 59
Let f(h) = 792*h - 8471. What are the prime factors of f(37)?
83, 251
Suppose 156*u - 48813 = 153*u. What are the prime factors of u?
53, 307
Suppose -1369 = -4*x - 201. Suppose -8*y = -4*y - x. List the prime factors of y.
73
Let j(f) = -9*f - 2. Let b be j(-1). Suppose b*n = 2*n - 5, 2*n - 424 = -2*r. Suppose i + 86 = r. List the prime factors of i.
127
Let t(l) = -195*l**3 + 7*l + 7. Let w be (3 + -5 - 2/(-2))/1. List the prime factors of t(w).
3, 5, 13
Suppose -t + 40 = 328. What are the prime factors of (15/20)/((-3)/t)?
2, 3
Let p(k) = 2645*k - 4564. List the prime factors of p(17).
3, 67
Let j(z) = -z**2 + 20*z - 95. Let i be j(9). Suppose -2*k = -i*f - 3126, -4*k + 8*f = 12*f - 6288. List the prime factors of k.
3, 523
Suppose -4*q - 100*y + 102*y = 310, -y = 3*q + 230. Suppose -j = -2*j - 8. Let l = j - q. List the prime factors of l.
3, 23
Let l = 44239 + -6684. What are the prime factors of l?
5, 7, 29, 37
Suppose 2*m - 77 = 5*o - 0*o, 0 = -o + 1. Let g = m - 25. What are the prime factors of 15*g - 4 - -1?
3, 79
Let m(j) = 2*j**2 - 5*j + 8. Let h be m(2). Let l(k) be the third derivative of 7*k**5/60 - k**4/4 + 7*k**3/6 + 30*k**2. List the prime factors of l(h).
223
Let x = 38 + -38. Suppose -3*s - 2*c = -24, x = -0*c - 5*c. List the prime factors of s.
2
Let z(w) = w**3 + 3*w**2 - 11*w + 8. Let q be z(4). Let n = -73 + q. Suppose -3*l + 558 = n*l. List the prime factors of l.
3, 31
Suppose -20*k = -187475 - 140705. What are the prime factors of k?
61, 269
Suppose 269*f = 271*f - 618. Let i = f + -124. What are the prime factors of i?
5, 37
Suppose 6*s = -3*s + 90. Suppose n - 6*n - s = 0. List the prime factors of (-5 - -94) + (-6)/(-1 + n).
7, 13
Let j be -1*(-2)/10 + (-266)/(-70). Suppose 4*d = -k + 414, j*d - 10 + 2 = 0. Suppose -4*f + 106 + k = 0. What are the prime factors of f?
2
Let d(p) = 297*p - 61. Let s be d(-7). Let c = -953 - s. List the prime factors of c.
1187
What are the prime factors of ((-144)/(-72))/((-8)/(-170716))?
7, 13, 67
Let z be (-27 - -3)/((-6)/4). Suppose z*l = 25*l - 3447. What are the prime factors of l?
383
Let i(t) = -21*t**2 - 347*t - 5. List the prime factors of i(-4).
3, 349
Let z = -4 + 7. Suppose 122 = 5*c - 3*o, -z*c = -5*o - 100 + 14. Suppose 14 = -p + c. What are the prime factors of p?
2
Let w be (-4)/((1/1)/(4/8)). Let d be -2 + 0 - 2*(w + 0). What are the prime factors of 2*(7 + -3)/d?
2
Let l(i) = -282*i + 20. Let b be 3/18 - 38/12. What are the prime factors of l(b)?
2, 433
Suppose 0 = 2*y + 3*l + 1451, -y = -0*y - 4*l + 753. Let i = -296 - y. What are the prime factors of i?
19, 23
Suppose -95 = -w + 19. Let l = w - 102. Suppose -3*f - l - 28 = -j, -j + 40 = f. What are the prime factors of j?
2, 5
Let c(m) = 12*m**2 - 8*m + 2. Let w(z) = z**2 